*3. Let s be t(-2). What are the prime factors of 30/s*2 - -3?
3, 11
Let i(y) = y + 17. List the prime factors of i(3).
2, 5
Let x = -1 + -3. List the prime factors of (-4)/x*-2*-29.
2, 29
Let f(b) = -b**3 - 8*b**2 - 17*b - 20. Let i be f(-6). List the prime factors of ((-35)/i)/7 + 419/2.
11, 19
Suppose -5*w + 4*w = -10. Let p = 6 + w. Suppose -d = 3 - p. What are the prime factors of d?
13
Let r(u) = u**2. Let y be r(2). Suppose -2*h + 3*n = -h + 5, 2*h = -y*n + 20. Suppose 4*l + 0*l + h*m = 20, -24 = -5*l - 4*m. What are the prime factors of l?
2
Let t = 10 - -7. Let u = -10 + t. List the prime factors of (-4)/u + 4995/105.
47
What are the prime factors of -1 + -5 - -1*169?
163
Let q be 2166/24 - 1/4. Suppose -58 = -5*h - 2*t + 32, -5*h - 3*t = -q. What are the prime factors of h?
2, 3
Let i(s) = 2115*s**2 - 5*s + 4. List the prime factors of i(1).
2, 7, 151
Let m(v) be the third derivative of v**5/30 - 11*v**3/3 - 10*v**2. List the prime factors of m(7).
2, 19
Suppose -4*j - 2*s + 4 = 0, 2*s + 12 = -j + 5*j. Suppose 4*o = 3*l - 0*l + 176, 0 = -j*o + 2*l + 86. List the prime factors of o.
47
Suppose 2279 - 287 = 6*n. List the prime factors of n.
2, 83
What are the prime factors of (-4 - (9015/(-10) + -7))*2?
3, 67
What are the prime factors of 65110/119 - ((-26)/14 + 2)?
547
Suppose 2*x = 3*x - 2*h + 4, 0 = 2*x + 2*h - 22. Let r be (0 + 57)/(x/4). Let p = -26 + r. What are the prime factors of p?
2, 3
Suppose 0 = 20*t + 412 - 5512. What are the prime factors of t?
3, 5, 17
Suppose -19*x + 5557 = -7648. What are the prime factors of x?
5, 139
Suppose -4*m - 3828 = -33*m. List the prime factors of m.
2, 3, 11
Let b(j) = -j**2 - 5*j. Let p be b(-5). Suppose p = 4*g - 3*k - 422, -4*k + 161 = -5*g + 689. What are the prime factors of g?
2, 13
Suppose 0*w - w - 99 = -5*c, 4*c + 4*w - 84 = 0. List the prime factors of (108/24)/(3/c).
2, 3, 5
Let m(n) = 3*n**2 - 5*n - 15. Let t be m(7). Suppose 3*w - 50 = t. List the prime factors of w.
7
List the prime factors of ((-1051)/(-6) + (-41)/(-123))*6.
3, 13
Let r(c) = 1045*c + 30. What are the prime factors of r(2)?
2, 5, 53
Suppose -m - 8874 = -4*n + 2*m, -8882 = -4*n - m. List the prime factors of n.
2, 3, 5, 37
Suppose 0 = -14*q + 2695 + 1127. List the prime factors of q.
3, 7, 13
List the prime factors of 3/((-9)/265)*-3*1.
5, 53
Suppose -2*c + 1371 = -r, c = 10*r - 8*r + 678. What are the prime factors of c?
2, 43
Suppose 4 = 4*q + 4*a, 0 = 4*q - 8*q - 5*a - 1. Suppose -q*t + t = -605. What are the prime factors of t?
11
Suppose 5*h + 31 = 4*z, -h - 4*z + 28 = -5*h. Let p(m) = -4*m**3 - 5*m**2 - 4*m - 3. What are the prime factors of p(h)?
2, 3
List the prime factors of (-1)/(2/169*16/(-32)).
13
Suppose 6*x - 12905 = 9289. What are the prime factors of x?
3, 137
Suppose 5*a - 3*o - 314 = 0, 145 - 20 = 2*a - o. Let t = 168 - a. What are the prime factors of t?
107
Let l(t) = -2*t + 12. Let p be l(5). Suppose 0 = -4*h - 3*j + 975 - 29, 2*j + 480 = p*h. What are the prime factors of h?
2, 7, 17
List the prime factors of (-36)/(-20)*2605/3.
3, 521
Suppose -3*o + o - 9 = -w, 3*w = 3*o + 42. Let f(x) = x**3 - 3*x**2 - 5. Let v be f(4). Let q = w - v. List the prime factors of q.
2
Let i(q) = 1964*q**2 - 42*q + 40. What are the prime factors of i(1)?
2, 3, 109
Suppose 0 = -3*a + 98 + 67. Let b = 117 - a. What are the prime factors of b?
2, 31
Let l(d) = 10*d**2 - 23*d - 1. List the prime factors of l(6).
13, 17
Let m(x) = -2*x + 1. Let z be m(1). Let b be (-10)/(-1)*z + 1. Let w = b + 15. List the prime factors of w.
2, 3
Let s be 140/12 + (-1)/(-3). Let p = s - -52. Let j = 91 - p. List the prime factors of j.
3
Suppose 5 = 2*p - 1. Suppose t - 3 = -3*l, -3*t - 6 = p. Suppose -l*y + 8*z + 49 = 3*z, z = -2*y + 43. What are the prime factors of y?
2, 11
Let c(n) = -20*n - 88. What are the prime factors of c(-32)?
2, 3, 23
Suppose 0 = -3*w + 9, -675*q - 16282 = -679*q + 2*w. List the prime factors of q.
2, 509
Let l(h) be the third derivative of -5*h**4/12 + 10*h**3/3 - 2*h**2 + 18*h. List the prime factors of l(-13).
2, 3, 5
Suppose 2*x + 2*o = 5*x - 1144, 2*x = -5*o + 788. List the prime factors of x.
2, 3
Suppose 4*n + 138 = 3*g - 147, 0 = 4*g + 4*n - 380. Suppose 4*q = -g + 263. List the prime factors of q.
2, 3, 7
Let w(v) = v**2 - 4*v - 2. Let j be w(5). Let u(i) = -31 + 17 + 12 + 2*i**2. What are the prime factors of u(j)?
2
Suppose 3*b = 38 + 82. Let y be b - ((1 - -2) + -3). Suppose -3*q - q = -y. What are the prime factors of q?
2, 5
Let n = -146 - -142. What are the prime factors of (-1 - n)*-65*(-4)/6?
2, 5, 13
Let u(x) = x**2 + 10*x + 14. Let h(a) = a**3 + 7*a**2 + 4*a. Let d be h(-5). Suppose 0 = -4*k + 7*k + d. List the prime factors of u(k).
2, 7
Let l(p) = 6 - 3 - 2*p + p. Let b be l(-9). What are the prime factors of (-16)/b*3/(-2)?
2
Suppose -9 - 1 = -2*p. Suppose 2*q + p*i - i + 28 = 0, -47 = 3*q + i. List the prime factors of (-8)/2*8/q.
2
Let y(r) = 92*r**3 + 3*r**2 - 2. What are the prime factors of y(1)?
3, 31
Let l = -127 + 32. Suppose -648 = -3*q + 2*z - 210, -q + 4*z = -156. Let m = l + q. List the prime factors of m.
7
Suppose -u + 16 = -3*u. Let t be 3 - (u/(-4) - 12). Suppose -t*r = -9*r - 156. List the prime factors of r.
3, 13
What are the prime factors of -10 + 412 + -10 - -3?
5, 79
List the prime factors of 5 + -11 - 57888/(-27).
2, 1069
Let h be (-2 - 52/(-4))/1. Let g be (h - -12)/(0 - -1). Let f = g + -14. What are the prime factors of f?
3
Let l(o) be the second derivative of -2*o**3/3 + 5*o**2/2 - 39*o. Let h = 12 + -20. List the prime factors of l(h).
37
Let n(k) = 3*k - 6*k - 3 + 5*k**2 - 6*k - 2. Let r be n(-4). Let i = r - 55. What are the prime factors of i?
2, 7
What are the prime factors of (5 - 2) + 212/((-10)/(-5))?
109
Suppose -6 = -6*r + 3*r. Let o(q) = 0*q**r - q**2 - 2*q**2 - 4*q + 5*q**2. What are the prime factors of o(4)?
2
Let w(s) = -s**3 + 11*s**2 + 21*s + 25. List the prime factors of w(12).
7, 19
Let h(m) = 2*m**3 - 14*m**2 - 13*m - 33. List the prime factors of h(13).
2, 11, 83
Let a be (1209/(-26))/((-2)/(-4)). Let p = 25 + a. What are the prime factors of p/(-7 + 3 + 2)?
2, 17
Let b be ((-7)/21 - (2 - 2))*-18. Let d(n) = n**3 - 2*n**2 - 11*n + 11. What are the prime factors of d(b)?
89
Suppose -7*p + 7659 = -2071. List the prime factors of p.
2, 5, 139
Let n be (-8)/(-10)*(-35)/(-14). Let i be (4/(-1))/(0 + n). Let j(p) = -6*p + 4. What are the prime factors of j(i)?
2
Let f be ((-3)/(-6))/(1/(-58)). Suppose -5*x + 301 = -29. Let r = f + x. List the prime factors of r.
37
Let q(v) = 2*v**2 + 9*v + 7. Let o be q(-4). List the prime factors of 19 - (1*(o - 4) + 0).
2, 5
Let v be (2*(-3)/(-8))/((-3)/(-2088)). Let i = -347 + v. List the prime factors of i.
5, 7
Suppose 0 = -4*y - 6*w + 2*w + 5952, 4*y - 5955 = -3*w. What are the prime factors of y?
3, 7, 71
Let o be 1*(10 - 19 - 1*-2). List the prime factors of (2 + o - -2)/(6/(-16)).
2
Let x(l) = 8*l**2 + 16*l - 8. What are the prime factors of x(4)?
2, 23
List the prime factors of (-12)/10 + (-76041)/(-105).
3, 241
Let j be 1*2 - (-16)/(-8). Suppose -2*d - 2*d - 4 = j. List the prime factors of 9 - d*(-5 - -2).
2, 3
Let d(a) be the second derivative of 7*a**4/12 + a**3/3 + 11*a**2/2 + 2*a. Let p be d(6). Suppose -2*i + p = 3*i. What are the prime factors of i?
5, 11
Let m = -11 + 5. Let k(z) = z**3 + 7*z**2 + 7*z + 8. Let x be k(m). What are the prime factors of x/(-7) - 48/(-21)?
2
Let z = -146 + 5422. List the prime factors of z.
2, 1319
Let i be (-35)/(-1 + (1 - 1)). Let n = i + -18. Suppose -4*f - n = -q - 3, q + 2*f = 26. List the prime factors of q.
2, 11
Suppose 501 = 2*n - 3*h + 4*h, 0 = 4*n - 4*h - 1008. What are the prime factors of n?
251
Let a(b) = 3*b + 20. Let f be a(-7). List the prime factors of f*(1 - (33 + 3)).
5, 7
Let p = 837 + -302. Suppose 0 = -9*u + 4*u + p. List the prime factors of u.
107
Let d(x) = x**3 + 7*x**2 + x - 1. Let c be d(-5). Let v = -33 + c. What are the prime factors of v?
11
Let i be (7 - 4 - 3) + 2. Let g(p) = 20*p**2 - 2*p - 2. List the prime factors of g(i).
2, 37
Let h(l) = 6*l**2 - 9*l + 17. Let a be h(6). Suppose i + 3*t - a = 0, -3*i = -0*i - t - 557. List the prime factors of i.
5, 37
Suppose -2 = -2*d - 4*j + 8, 0 = 5*j. Let l(r) be the third d